 15.
28a1
Convert 17e (base 16) to base 9.
464
1417 (base 11) to base 9
2456
Convert 17247 (base 9) to base 7.
46414
What is -124321 (base 5) in base 14?
-1b45
Convert 7175 (base 8) to base 10.
3709
Convert 3a69a (base 11) to base 14.
1723a
4301 (base 6) to base 3
1100001
20634 (base 9) to base 5
414024
Convert -16476 (base 8) to base 12.
-43ba
What is -520 (base 15) in base 7?
-3240
Convert -737 (base 13) to base 5.
-14404
Convert 1244131 (base 5) to base 11.
177a1
-3c6c (base 15) to base 2
-11001001111111
What is 42230 (base 7) in base 15?
313e
What is 513 (base 7) in base 16?
ff
Convert -10223 (base 5) to base 6.
-3104
Convert -10204 (base 8) to base 14.
-1780
1b4 (base 16) to base 11
367
What is 11432 (base 8) in base 3?
20201010
What is -10455 (base 6) in base 12?
-a2b
What is 1130 (base 10) in base 9?
1485
Convert 93 (base 14) to base 9.
153
-51 (base 14) to base 4
-1013
Convert -1112121121 (base 3) to base 4.
-13122001
Convert 1010001 (base 3) to base 9.
1101
Convert 3dd8 (base 14) to base 15.
33b5
a456 (base 11) to base 2
11011000011111
-446 (base 8) to base 3
-101220
Convert 2138 (base 9) to base 3.
2011022
What is 149 (base 13) in base 9?
275
Convert 66322 (base 7) to base 4.
10003303
What is 32434 (base 12) in base 8?
201350
10f (base 16) to base 10
271
Convert 1051 (base 9) to base 10.
775
39 (base 16) to base 2
111001
What is -b9b (base 14) in base 9?
-3127
Convert -125d (base 16) to base 13.
-21a8
What is -3a7 (base 14) in base 9?
-1006
Convert -110011111 (base 2) to base 5.
-3130
Convert 8355 (base 14) to base 8.
54127
Convert 111011100101 (base 2) to base 14.
1565
What is 1850 (base 15) in base 5?
132000
-1435 (base 6) to base 14
-1d5
What is -2201 (base 3) in base 7?
-133
What is 2446 (base 8) in base 13?
7a5
What is -110010000000 (base 2) in base 14?
-1248
Convert -1151 (base 10) to base 6.
-5155
What is 53564 (base 8) in base 13?
a262
What is 11402 (base 5) in base 2?
1101010100
What is 14621 (base 7) in base 15?
1322
Convert -1001111100 (base 2) to base 9.
-776
Convert 31 (base 8) to base 16.
19
What is -496 (base 16) in base 12?
-81a
Convert 21120 (base 6) to base 4.
230220
What is -1133321 (base 4) in base 13?
-2a41
-291 (base 12) to base 5
-3042
What is -568 (base 13) in base 4?
-32203
-4198 (base 11) to base 4
-1112300
42579 (base 11) to base 5
3440132
-45432 (base 6) to base 15
-1d88
Convert -11102000 (base 3) to base 11.
-2461
What is 352 (base 8) in base 16?
ea
Convert 441204 (base 5) to base 14.
5763
What is -184 (base 10) in base 7?
-352
Convert -3134 (base 7) to base 15.
-4d8
Convert 2712 (base 10) to base 15.
c0c
What is -375 (base 15) in base 9?
-1062
-1330202 (base 4) to base 5
-223340
-45b (base 15) to base 12
-6a2
-217 (base 15) to base 13
-2a4
bb (base 12) to base 16
8f
Convert 12110012 (base 3) to base 11.
2a93
1381 (base 10) to base 12
971
What is 359 (base 12) in base 15?
236
-1516 (base 13) to base 16
-bf5
What is 36ee (base 16) in base 11?
a624
Convert 210013 (base 4) to base 3.
10011121
What is -1e4 (base 15) in base 9?
-537
Convert 242 (base 11) to base 9.
350
Convert 243 (base 5) to base 12.
61
Convert 13233012 (base 4) to base 12.
16406
94 (base 14) to base 7
244
What is 16425 (base 10) in base 5?
1011200
12302 (base 6) to base 15
828
Convert 22221101 (base 3) to base 5.
202032
-1011010010101001 (base 2) to base 9
-70387
What is -141532 (base 7) in base 13?
-c3b8
What is -117a (base 11) in base 5?
-22124
-2052 (base 6) to base 16
-1d0
Convert 12555 (base 8) to base 10.
5485
Convert -cc (base 15) to base 13.
-11a
What is -1010101110 (base 2) in base 15?
-30b
Convert a70 (base 11) to base 2.
10100000111
Convert 31d (base 15) to base 6.
3131
Convert 132320 (base 5) to base 16.
14d7
What is -1856 (base 12) in base 5?
-43241
Convert 130537 (base 8) to base 11.
3112a
a18 (base 11) to base 13
737
What is -11100011101 (base 2) in base 10?
-1821
Convert 211 (base 5) to base 10.
56
Convert 408 (base 12) to base 6.
2412
Convert -25a (base 14) to base 6.
-2104
-40612 (base 9) to base 8
-64165
What is -12322121 (base 4) in base 10?
-28313
-132043 (base 5) to base 3
-21020022
-10b7 (base 12) to base 15
-847
Convert 1233 (base 7) to base 12.
329
503 (base 11) to base 2
1001100000
Convert -25d3 (base 15) to base 11.
-607a
What is -1035 (base 13) in base 8?
-4301
1a1 (base 11) to base 3
22121
-b3a2 (base 15) to base 2
-1001010001000000
Convert 1101000000101 (base 2) to base 14.
25db
Convert -13312112 (base 4) to base 11.
-22178
What is -100000011111 (base 2) in base 6?
-13343
Convert -71337 (base 8) to base 6.
-344051
Convert -25213 (base 6) to base 13.
-1929
Convert 2aa (base 11) to base 2.
101101010
-2154 (base 12) to base 14
-149a
341310 (base 5) to base 13
5663
What is -4a (base 12) in base 2?
-111010
Convert 6395 (base 15) to base 12.
10235
Convert 2334 (base 6) to base 2.
1000110010
186 (base 14) to base 16
13a
What is 54525 (base 7) in base 12?
7a89
What is -1281 (base 10) in base 7?
-3510
Convert 3443 (base 6) to base 14.
427
What is -4358 (base 10) in base 8?
-10406
What is 449 (base 11) in base 7?
1365
What is 11010001011110 (base 2) in base 13?
6143
Convert 13 (base 6) to base 10.
9
What is -20fc (base 16) in base 6?
-103032
Convert 14133 (base 6) to base 12.
1349
Convert 94b7 (base 15) to base 11.
21699
-1435 (base 8) to base 16
-31d
Convert 6463 (base 8) to base 14.
1335
Convert -122 (base 4) to base 5.
-101
What is 124324 (base 5) in base 4?
1031210
300 (base 10) to base 16
12c
Convert -21005 (base 7) to base 13.
-2462
2c1 (base 14) to base 9
683
358 (base 14) to base 3
220200
-3154 (base 7) to base 15
-4e7
What is -314 (base 7) in base 2?
-10011110
Convert 112032 (base 4) to base 12.
9a6
Convert -220433 (base 5) to base 4.
-1313002
Convert 675 (base 10) to base 12.
483
60a (base 13) to base 5
13044
15b9 (base 15) to base 4
1021002
What is 5703 (base 16) in base 15?
6900
Convert -59b (base 16) to base 6.
-10351
-2556 (base 7) to base 3
-1100000
Convert 143 (base 7) to base 14.
5a
-122022202 (base 3) to base 11
-9541
What is -1612 (base 16) in base 6?
-42054
What is 40b (base 13) in base 5?
10222
Convert 3999 (base 15) to base 8.
30006
Convert 1100211120 (base 3) to base 5.
1324403
33124 (base 6) to base 5
121323
What is 2664 (base 10) in base 4?
221220
dd1 (base 14) to base 5
41411
Convert -a3 (base 13) to base 16.
-85
Convert 442 (base 10) to base 4.
12322
Convert 485 (base 13) to base 16.
311
What is -14d (base 15) in base 11?
-251
Convert -355202 (base 6) to base 15.
-9292
14545 (base 6) to base 7
6623
What is -102200 (base 3) in base 6?
-1243
Convert acf (base 16) to base 7.
11032
Convert -10320 (base 4) to base 5.
-2222
Convert 252205 (base 6) to base 5.
1210131
What is 3312 (base 4) in base 6?
1050
1640 (base 7) to base 3
220122
-21211 (base 4) to base 9
-751
Convert 3098b (base 12) to base 10.
63611
-1364 (base 9) to base 10
-1030
Convert 23557 (base 8) to base 12.
5a13
48814 (base 9) to base 3
1122220111
Convert 854 (base 13) to base 15.
64b
Convert -3103203 (base 4) to base 5.
-413124
What is -18802 (base 11) in base 9?
-40016
-1100 (base 11) to base 12
-a10
2103131 (base 4) to base 3
110221112
-12322 (base 4) to base 11
-372
-7158 (base 10) to base 9
-10733
21400 (base 12) to base 4
22230000
11312 (base 4) to base 6
1422
What is -41285 (base 9) in base 2?
-110101001001100
158d3 (base 15) to base 8
207572
Convert 42450 (base 6) to base 8.
13236
Convert -4002 (base 5) to base 2.
-111110110
Convert 12563 (base 10) to base 3.
122020022
15262 (base 8) to base 16
1ab2
Convert -4b3 (base 13) to base 7.
-2253
Convert -7cfd (base 16) to base 15.
-9732
What is -ae1a (base 15) in base 10?
-36925
-32300333 (base 4) to base 10
-60479
Convert -186 (base 12) to base 3.
-100010
Convert -9b52 (base 14) to base 11.
-19257
-2099 (base 13) to base 11
-343a
Convert -45b3 (base 13) to base 7.
-40340
-1553 (base 6) to base 13
-270
Convert aaba (base 12) to base 9.
27777
Convert 301121 (base 4) to base 10.
3161
Convert 12231112 (base 4) to base 10.
27478
What is -1462 (base 8) in base 3?
-1010022
11111 (base 3) to base 8
171
-303 (base 12) to base 14
-231
23a35 (base 12) to base 10
48137
-11e (base 15) to base 2
-11111110
What is -6163 (base 9) in base 15?
-150c
-3303 (base 10) to base 9
-4470
Convert 303213 (b